95 - -51. List the prime factors of r.
2, 3, 41
Let p(u) be the first derivative of u**2/2 - 8*u + 8. Let x be p(11). Let i(g) = -g**3 + 5*g**2 - 4*g - 1. What are the prime factors of i(x)?
5
Let a(w) be the third derivative of w**5/60 - 7*w**4/24 + w**3/2 + 21*w**2. List the prime factors of a(9).
3, 7
Suppose -5*x = -25 - 40. Let l = x - 9. Suppose 2*i - l = -2*n + 12, -72 = -5*n + 3*i. What are the prime factors of n?
2, 3
Let y(r) = -29*r**2 + 3*r - 4. Let b be y(1). Let w = 32 + b. List the prime factors of w.
2
Let j be 8/(-44) - (-184)/44. Suppose -20 = -j*t - t. Suppose -2*q - 2*q + 74 = -r, 68 = t*q + 2*r. What are the prime factors of q?
2, 3
Suppose 3*c + 45*r = 47*r + 821, c - 3*r - 262 = 0. What are the prime factors of c?
277
Let u(i) = 2*i - 5 + 4*i**2 - 15*i - 4. Let v be u(-9). Suppose 3*m - 9*m + v = 0. What are the prime factors of m?
2, 3
Let p(a) = a**3 + 8*a**2 - 2*a - 9. Let z = 21 + -26. Let i = z - 3. What are the prime factors of p(i)?
7
Let f be (3/4)/(3/12). Suppose 0 = 5*l + 2*j, 14*j = 2*l + 17*j. Suppose 4*w - 76 = 5*m, 4*w + 8*m - f*m - 76 = l. List the prime factors of w.
19
Suppose 11*a = 2149 + 2053. List the prime factors of a.
2, 191
Let y(q) = -q**3 + q**2 - q + 2. Suppose 2*t = -3*t + 45. Let a(f) = 4*f**3 - 3*f**2 + 5*f - 9. Let b(n) = t*y(n) + 2*a(n). What are the prime factors of b(3)?
3
Let f be 1 - (1 - -2 - (-15)/(-3)). Let s(r) = r + 20. Let o be s(0). Suppose -f*i + o = -25. What are the prime factors of i?
3, 5
Suppose -10*m + 2*m = 0. Suppose m = -5*b + 5, -5*x + 144 + 65 = 4*b. List the prime factors of x.
41
Let o = -2 - -4. Let k(p) = -p**2 - 23*p - 18. Let f be k(-22). What are the prime factors of ((-15)/(-10))/(o/f)?
3
Let h be (1 + 3)/((-2)/(-1)). Suppose 2*z - 2*q - 1 = -z, h*q + 9 = -5*z. What are the prime factors of z + (-1)/1 + 30?
2, 7
Suppose 4*k + 131 = 3*n + 365, 3*k + 78 = -n. Let l = n + 158. What are the prime factors of l?
2, 5
Suppose -1998 = 6*n - 9996. Suppose 0 = 11*h + 222 - n. What are the prime factors of h?
101
Let m = 137 + -253. Let z = 130 + m. List the prime factors of z.
2, 7
Suppose -68 = 2*q - 488. Suppose -5*o - 3*b + b + 477 = 0, 2*o - q = 4*b. List the prime factors of o.
97
Suppose 5*v - 3*h + 29 + 6 = 0, 5*h - 14 = 2*v. Let k(g) = -g**3 - 7*g**2 + 6. Let z be k(v). List the prime factors of z/6 + 61/1.
2, 31
Let u(a) = -a**2 - a - 6. Let i(n) = n**2 + n + 5. Let q(y) = 7*i(y) + 6*u(y). Suppose -15 = 7*f - 2*f. What are the prime factors of q(f)?
5
Suppose 5*w + x = 19402, -3*w + 8326 = 2*x - 3311. List the prime factors of w.
3881
Let f(v) = 2*v + 3. Let s be f(9). Let m = s - -11. List the prime factors of m.
2
Suppose 31*h + 1183 = 38*h. What are the prime factors of h?
13
Let n = -57 + 59. Suppose 0 = -3*w + 2*b - 0*b + 32, -n*w - 4*b = -32. List the prime factors of w.
2, 3
Suppose 5*u - 5 = 2*t, -3*t = -0*u - 3*u + 3. Suppose t = 9*d - 133 - 1145. What are the prime factors of d?
2, 71
List the prime factors of -2 - (2001/(-9) + 1/3).
2, 5, 11
Suppose 0*f - 12 = -4*f. Suppose 3*t = -4*c + 10 + 8, 2*c = f*t. Suppose -4 = q + 4*j, -q + 6*q = c*j + 95. List the prime factors of q.
2
Let n be (1/3)/((-20)/(-2220)). Suppose 0 = 4*m - 3*h - 101 - 116, 5*h = -m + n. List the prime factors of m.
2, 13
Suppose -28*k + 30886 = -3106. List the prime factors of k.
2, 607
Let x(j) = 28*j**2 - 7*j - 11. List the prime factors of x(5).
2, 3, 109
Let l = -114 - 229. Let r = -242 - l. What are the prime factors of r?
101
Let t = -3084 + 5638. What are the prime factors of t?
2, 1277
Let w be ((-10)/25)/(1/(-10)). Suppose 0 = 2*h - 0 - w. Suppose 8*p - 3*d = 5*p + 57, -53 = -h*p + 5*d. What are the prime factors of p?
2, 7
List the prime factors of 185*-13*3*12/(-90).
2, 13, 37
Let l be 2 - -2 - 1 - -46. Suppose 0 = p - l + 2. What are the prime factors of p?
47
Let g be (-4)/12 - 28/(-12). Suppose -64 = -g*f + 46. List the prime factors of f.
5, 11
What are the prime factors of (((-2)/4)/(-1))/((-71)/(-5538))?
3, 13
Suppose -45*h = -40*h - 135. Suppose -192 = -h*m + 19*m. What are the prime factors of m?
2, 3
Suppose 4*q + 12 = 0, 5*h + 0*q - 6 = -3*q. Suppose 0 = -i + 4*l + 99, -h*l - 312 = -4*i - 8*l. List the prime factors of i.
83
Let x(u) be the first derivative of -u**3/3 - 6*u**2 - 11*u + 11. List the prime factors of x(-8).
3, 7
Let o be (2 - 20/8)*4. List the prime factors of 39/o*(-1 + -1).
3, 13
Let j = -885 + 1600. List the prime factors of j.
5, 11, 13
Let q = 65 - -361. What are the prime factors of q?
2, 3, 71
Let b(g) be the third derivative of -g**4/4 + 17*g**3/6 - 33*g**2. What are the prime factors of b(-6)?
53
Suppose 2*z = a - 12, z - 23 = -5*a + 70. Let m(d) = -d + 36. What are the prime factors of m(a)?
2, 3
Suppose -y + 23 - 3 = -5*f, 3*f + 14 = y. Suppose -4*r + y*b = -502, -r + 4*r - 388 = -2*b. List the prime factors of r.
2
Let q = -4402 + 9198. List the prime factors of q.
2, 11, 109
Let a(p) = 5*p**2 - p + 17. List the prime factors of a(-24).
23, 127
Let y(m) = -13*m**2 + 3*m + m + 4 + 8*m - m**3. Let p be y(-14). List the prime factors of 54/(-4)*p/(-12).
2, 3
Suppose -h + 5*h = -3*p + 112, 3*h - 84 = -3*p. Let q = 92 - h. What are the prime factors of q?
2
Let o(v) = -11*v**2 + 16*v - 11. Let c be o(5). Let q = c + 354. What are the prime factors of q?
2, 37
Suppose 4*l - 4*y = 4160, -4*y = y + 20. List the prime factors of l.
2, 7, 37
Let y = -4867 - -7121. List the prime factors of y.
2, 7, 23
Let i = 2582 + -1649. List the prime factors of i.
3, 311
Let a = 1495 - 622. What are the prime factors of a?
3, 97
Suppose 337 = -4*o + 5*g + 2709, 2*o = 3*g + 1188. Suppose 2*s = -3*v + 294, -4*s - 5*v + o = -0*s. List the prime factors of s.
3, 7
Let h = -3 - -3. Suppose h = 5*x - 5*l - 545, l + 17 = -4*x + 458. List the prime factors of x.
2, 5, 11
Let y(c) = 5*c**2 + 14*c + c**2 - 3*c**2 - 9 - 4*c**2. What are the prime factors of y(10)?
31
Let v(u) = u - 17. Suppose 3*j = 2*j + 2, 5*j = -5*i + 105. Let p be v(i). Suppose -3*s + 60 = -2*s - p*g, -s + 5*g + 72 = 0. What are the prime factors of s?
2, 13
Let u(h) = -h**3 + 1. Let k(j) = -4*j**3 - 18*j**2 - 22*j - 34. Let s(q) = -k(q) + 5*u(q). List the prime factors of s(19).
2, 3
Let m(d) = 21*d**2 + 20*d - 42. List the prime factors of m(-12).
2, 3, 457
Let u = -49 - -121. Suppose 4*a - m = 2*m + 96, -3*a = m - u. What are the prime factors of a?
2, 3
Suppose -i - d + 11 = 0, -i + 3*d + 31 = 4*i. Suppose -i*w + 75 = -197. What are the prime factors of w?
2, 17
Let u = 39 - 16. What are the prime factors of (u - 17)*2*3?
2, 3
Let p = -40 - -80. Suppose p = 3*m + 4*f - 58, -5*f = 4*m - 129. What are the prime factors of m?
2, 13
Suppose -s = -182 - 4. Let c = -128 + s. List the prime factors of c.
2, 29
Let u(r) = -r**3 - 19*r**2 - 86*r + 24. List the prime factors of u(-19).
2, 829
Suppose -3*u = 4*f + 3 - 18, 0 = -4*f - u + 13. Suppose -3*k + 7*d = f*d - 237, 0 = -3*d + 9. List the prime factors of k.
83
Let d(m) = -26*m**3 + 8*m**2 + 15*m + 16. Let j(n) = 17*n**3 - 5*n**2 - 10*n - 11. Let y(q) = 5*d(q) + 7*j(q). What are the prime factors of y(-3)?
2, 3, 5, 11
Suppose -4*s = -3*t + 57, 4*s + 3*t + 38 = -25. Let p = s - -36. List the prime factors of p.
3, 7
Let y = 8566 - 4478. List the prime factors of y.
2, 7, 73
Suppose -y + 275 = 2*p + 3*p, -2*y - p + 586 = 0. Suppose -3*m + 2*z = -y, 41 + 153 = 2*m - 4*z. List the prime factors of m.
3, 11
Suppose 352 = 3*v - 5*j, 4*v + j + 275 = 729. List the prime factors of v.
2, 3, 19
Let r(v) be the third derivative of v**5/60 - 5*v**4/12 + 4*v**3/3 + 7*v**2. Let t be r(6). Let f = t + 26. List the prime factors of f.
2, 5
Let o = 50 - 32. Let b be (-3 + 17 - 3) + 0 + 0. Let l = o - b. List the prime factors of l.
7
List the prime factors of 19/(19/6) - -356.
2, 181
Let i be (0 - 0)/(9 - 7). Suppose 0*v - 4*v + 16 = i. Suppose 4*d - 5*w - 151 = 0, v*d = -2*w - 68 + 226. What are the prime factors of d?
3, 13
Let j = 2987 + 380. What are the prime factors of j?
7, 13, 37
Let b(s) = -s**3 - 36*s**2 - 31*s - 8. Let r be b(-35). Let t = r + 334. What are the prime factors of t?
2, 3, 31
Let h(t) = 9*t**2 + 10*t - 4. List the prime factors of h(-10).
2, 199
Let h be (4/6)/2*12. Let b be (-6)/h*16/(-12). Suppose b*w = 3*w - 13. What are the pri